{"id":3210,"date":"2021-11-05T17:19:35","date_gmt":"2021-11-05T17:19:35","guid":{"rendered":"https:\/\/avesymas.com\/?post_type=product&#038;p=3210"},"modified":"2026-03-19T19:18:47","modified_gmt":"2026-03-19T19:18:47","slug":"doralitas-de-pollo","status":"publish","type":"product","link":"https:\/\/avesymas.com\/index.php\/product\/doralitas-de-pollo\/","title":{"rendered":"Doralitas de pollo BBQ"},"content":{"rendered":"","protected":false},"excerpt":{"rendered":"<div class=\"c-block-9__box info-product\">\n<h2 class=\"o-heading-1--v4 c-block-9__heading\"><span class=\"o-heading-1__text\">informaci\u00f3n del producto:<\/span><\/h2>\n<p>Alitas de pollo horneadas listas para consumir.<\/p>\n<ul>\n<li><strong>BBQ:\u00a0<\/strong>Adobadas con pasta de tomate, color caramelo, sabor natural a humo y finas especias. Incluye 2 sobres (40 g c\/u) de salsa bbq.<\/li>\n<li><strong>Miel mostaza:\u00a0<\/strong>Adobadas con finas especias. Incluye 2 sobres (40 g c\/u) de salsa miel mostaza.<\/li>\n<li><strong>Picante:\u00a0<\/strong>No incluye\u00a0salsa.<\/li>\n<\/ul>\n<p>Calentar en microondas m\u00ednimo 3 minutos o en sart\u00e9n por 5 minutos. Adicionar salsa despu\u00e9s de calentar.<\/p>\n<\/div>\n<div class=\"c-block-9__box\">\n<h2 class=\"o-heading-1--v4 c-block-9__heading\"><span class=\"o-heading-1__text\">Producto disponible en:<\/span><\/h2>\n<ul class=\"c-list-5\">\n<li class=\"icon-arrow-right2\">Paquete 600 g x 16 unidades<\/li>\n<li class=\"icon-arrow-right2\">Sabores BBQ &#8211; Picantes &#8211; Miel Mostaza<\/li>\n<\/ul>\n<\/div>\n","protected":false},"featured_media":3213,"comment_status":"open","ping_status":"closed","template":"","meta":{"om_disable_all_campaigns":false},"product_cat":[38],"product_tag":[],"_links":{"self":[{"href":"https:\/\/avesymas.com\/index.php\/wp-json\/wp\/v2\/product\/3210"}],"collection":[{"href":"https:\/\/avesymas.com\/index.php\/wp-json\/wp\/v2\/product"}],"about":[{"href":"https:\/\/avesymas.com\/index.php\/wp-json\/wp\/v2\/types\/product"}],"replies":[{"embeddable":true,"href":"https:\/\/avesymas.com\/index.php\/wp-json\/wp\/v2\/comments?post=3210"}],"version-history":[{"count":7,"href":"https:\/\/avesymas.com\/index.php\/wp-json\/wp\/v2\/product\/3210\/revisions"}],"predecessor-version":[{"id":3581,"href":"https:\/\/avesymas.com\/index.php\/wp-json\/wp\/v2\/product\/3210\/revisions\/3581"}],"wp:featuredmedia":[{"embeddable":true,"href":"https:\/\/avesymas.com\/index.php\/wp-json\/wp\/v2\/media\/3213"}],"wp:attachment":[{"href":"https:\/\/avesymas.com\/index.php\/wp-json\/wp\/v2\/media?parent=3210"}],"wp:term":[{"taxonomy":"product_cat","embeddable":true,"href":"https:\/\/avesymas.com\/index.php\/wp-json\/wp\/v2\/product_cat?post=3210"},{"taxonomy":"product_tag","embeddable":true,"href":"https:\/\/avesymas.com\/index.php\/wp-json\/wp\/v2\/product_tag?post=3210"}],"curies":[{"name":"wp","href":"https:\/\/api.w.org\/{rel}","templated":true}]}}